of 35138.
2, 17569
What are the prime factors of 18757257?
3, 6252419
List the prime factors of 31719.
3, 97, 109
What are the prime factors of 82729?
82729
What are the prime factors of 150589?
150589
What are the prime factors of 1617402?
2, 3, 43, 6269
What are the prime factors of 893901?
3, 297967
List the prime factors of 3470302.
2, 11, 233, 677
List the prime factors of 4510416.
2, 3, 93967
List the prime factors of 12452135.
5, 179, 13913
What are the prime factors of 16853010?
2, 3, 5, 561767
What are the prime factors of 160916?
2, 7, 821
List the prime factors of 11664796.
2, 11, 13, 20393
List the prime factors of 222051.
3, 74017
What are the prime factors of 1549913?
691, 2243
What are the prime factors of 16053961?
7, 11, 208493
List the prime factors of 67986.
2, 3, 1259
List the prime factors of 2487702.
2, 3, 7, 61, 971
What are the prime factors of 205063?
205063
List the prime factors of 8936661.
3, 67, 173, 257
What are the prime factors of 8559303?
3, 2853101
List the prime factors of 1835525.
5, 73421
List the prime factors of 2112012.
2, 3, 7, 17, 29
What are the prime factors of 729776?
2, 17, 2683
What are the prime factors of 53095?
5, 7, 37, 41
What are the prime factors of 21825456?
2, 3, 223, 2039
What are the prime factors of 614278?
2, 7, 17, 29, 89
List the prime factors of 351622.
2, 175811
What are the prime factors of 356392?
2, 44549
List the prime factors of 466738.
2, 109, 2141
What are the prime factors of 151866?
2, 3, 11, 13, 59
What are the prime factors of 282649?
53, 5333
List the prime factors of 290196.
2, 3, 2687
What are the prime factors of 67614?
2, 3, 59, 191
What are the prime factors of 431514?
2, 3, 61, 131
What are the prime factors of 1056690?
2, 3, 5, 59, 199
What are the prime factors of 5853318?
2, 3, 975553
List the prime factors of 148264.
2, 43, 431
What are the prime factors of 9032174?
2, 1447, 3121
List the prime factors of 242805.
3, 5, 16187
List the prime factors of 107673.
3, 19, 1889
List the prime factors of 8649420.
2, 3, 5, 13, 853
List the prime factors of 238584.
2, 3, 9941
List the prime factors of 21451406.
2, 1231, 8713
What are the prime factors of 144610?
2, 5, 14461
List the prime factors of 269129.
7, 38447
What are the prime factors of 74705?
5, 67, 223
List the prime factors of 405823.
11, 79, 467
List the prime factors of 10222086.
2, 3, 7, 4967
What are the prime factors of 2032061?
17, 119533
What are the prime factors of 1256418?
2, 3, 53, 439
What are the prime factors of 1208259?
3, 13, 23, 449
List the prime factors of 13391042.
2, 7, 956503
List the prime factors of 7182446.
2, 47, 109, 701
List the prime factors of 164555.
5, 32911
What are the prime factors of 140034?
2, 3, 23339
What are the prime factors of 1044399?
3, 37, 97
What are the prime factors of 2221460?
2, 5, 31, 3583
What are the prime factors of 261114?
2, 3, 7, 6217
What are the prime factors of 3707821?
13, 223, 1279
What are the prime factors of 1698201?
3, 19, 9931
List the prime factors of 153249.
3, 23, 2221
List the prime factors of 443045.
5, 88609
What are the prime factors of 3855929?
7, 11, 50077
List the prime factors of 1604325.
3, 5, 21391
What are the prime factors of 332271?
3, 36919
What are the prime factors of 1288198?
2, 61, 10559
List the prime factors of 3879419.
109, 35591
List the prime factors of 696206.
2, 7, 223
What are the prime factors of 21566705?
5, 4313341
What are the prime factors of 12219304?
2, 137, 11149
List the prime factors of 7461316.
2, 1865329
List the prime factors of 11281875.
3, 5, 11, 547
What are the prime factors of 2014069?
2014069
What are the prime factors of 16610696?
2, 1429, 1453
List the prime factors of 115510.
2, 5, 11551
What are the prime factors of 237119?
31, 7649
What are the prime factors of 262551?
3, 87517
What are the prime factors of 2199256?
2, 17, 103, 157
List the prime factors of 1498168.
2, 7, 31, 863
What are the prime factors of 835559?
835559
List the prime factors of 29707160.
2, 5, 7, 17, 79
List the prime factors of 4499038.
2, 173, 13003
List the prime factors of 892983.
3, 7, 13, 3271
What are the prime factors of 11317091?
11317091
What are the prime factors of 12672?
2, 3, 11
What are the prime factors of 6501253?
11, 591023
List the prime factors of 4442071.
4442071
List the prime factors of 255973.
255973
List the prime factors of 70198.
2, 35099
List the prime factors of 803514.
2, 3, 133919
What are the prime factors of 2573306?
2, 1286653
List the prime factors of 42970.
2, 5, 4297
What are the prime factors of 1777979?
7, 17, 67, 223
What are the prime factors of 11498533?
89, 129197
What are the prime factors of 52833?
3, 11, 1601
What are the prime factors of 136190?
2, 5, 13619
What are the prime factors of 216933?
3, 167, 433
List the prime factors of 833072.
2, 52067
List the prime factors of 281123.
73, 3851
What are the prime factors of 4934265?
3, 5, 7, 46993
List the prime factors of 21654.
2, 3, 401
What are the prime factors of 3130742?
2, 397, 3943
What are the prime factors of 1692904?
2, 29, 7297
What are the prime factors of 27629645?
5, 61, 157, 577
List the prime factors of 3152004.
2, 3, 17, 15451
List the prime factors of 540544.
2, 41, 103
List the prime factors of 1651013.
7, 13, 18143
List the prime factors of 12557625.
3, 5, 33487
List the prime factors of 3106351.
3106351
List the prime factors of 5523455.
5, 7, 157813
List the prime factors of 2051397.
3, 193, 1181
What are the prime factors of 12039307?
7, 1719901
What are the prime factors of 24427094?
2, 2213, 5519
What are the prime factors of 338401?
7, 29, 1667
What are the prime factors of 4246293?
3, 43, 32917
List the prime factors of 3043946.
2, 1521973
List the prime factors of 6803886.
2, 3, 283, 4007
List the prime factors of 66835.
5, 13367
List the prime factors of 152228.
2, 19, 2003
List the prime factors of 1191257.
97, 12281
List the prime factors of 357043.
67, 73
List the prime factors of 1365.
3, 5, 7, 13
What are the prime factors of 161105?
5, 7, 4603
List the prime factors of 105711.
3, 167, 211
List the prime factors of 4046967.
3, 449663
List the prime factors of 6213501.
3, 7, 98627
List the prime factors of 183630.
2, 3, 5, 6121
List the prime factors of 4510232.
2, 73, 7723
What are the prime factors of 176774?
2, 13, 523
List the prime factors of 374432.
2, 11701
What are the prime factors of 959557?
19, 50503
What are the prime factors of 9696?
2, 3, 101
What are the prime factors of 1265696?
2, 37, 1069
List the prime factors of 11870888.
2, 1483861
List the prime factors of 17008737.
3, 5669579
What are the prime factors of 725332?
2, 149, 1217
What are the prime factors of 310193?
13, 107, 223
List the prime factors of 1302301.
7, 11, 13, 1301
What are the prime factors of 646801?
683, 947
What are the prime factors of 18295774?
2, 7, 17, 76873
What are the prime factors of 464719?
541, 859
List the prime factors of 440568.
2, 3, 29, 211
List the prime factors of 548409.
3, 182803
List the prime factors of 632452.
2, 158113
List the prime factors of 2035054.
2, 7, 145361
What are the prime factors of 363409?
17, 21377
What are the prime factors of 12920?
2, 5, 17, 19
List the prime factors of 7482753.
3, 373, 743
List the prime factors of 131276.
2, 37, 887
List the prime factors of 1051686.
2, 3, 58427
What are the prime factors of 1955793?
3, 7, 93133
What are the prime factors of 304035?
3, 5, 20269
What are the prime factors of 337174?
2, 19, 467
List the prime factors of 46947.
3, 15649
What are the prime factors of 7961603?
13, 257, 2383
List the prime factors of 563201.
23, 47, 521
List the prime factors of 1386716.
2, 23, 15073
List the prime factors of 165354.
2, 3, 7, 31, 127
List the prime factors of 211177.
211177
What are the prime factors of 2096441?
19, 110339
List the prime factors of 4763364.
2, 3, 396947
What are the prime factors of 743731?
743731
What are the prime factors of 72027?
3, 53, 151
List the prime factors of 3260285.
5, 7, 93151
What are the prime factors of 1903705?
5, 19, 29, 691
What are the prime factors of 5578632?
2, 3, 8609
What are the prime factors of 5262936?
2, 3, 7, 31327
List the prime factors of 1238673.
3, 412891
List the prime factors o